e (-12 - f - -2) + 77. Calculate the greatest common divisor of 312 and t.
24
Let i(l) = l**3 + 37*l**2 + 279*l - 62. Let y be i(-26). What is the greatest common divisor of y and 9144?
24
Let u be 0/(-1) + (-56)/12*-3. What is the highest common divisor of 24 and u?
2
Let h(o) = 14*o - 16. Let y(x) = -7*x + 8. Let p(w) = 3*h(w) + 7*y(w). Let m be p(0). What is the highest common factor of 28 and m?
4
Suppose -5*g = -13 + 3. Let f(b) = 18*b**3 + 664*b**2 - 76*b - 66. Let v be f(-37). Calculate the greatest common divisor of g and v.
2
Suppose -668 - 1327 = -19*c. What is the greatest common factor of c and 1680?
105
Let s = -286 + 760. Let w = -470 + s. Suppose 3*b = -3*x + 7*x - 135, 6 = 2*b. What is the highest common factor of x and w?
4
Let b = 4 - 2. Suppose -t + 84 = b*t - 3*d, 0 = 5*d + 20. Suppose 32 = 3*w + 4*z - 2*z, 0 = w - 2*z - t. Calculate the highest common factor of w and 4.
2
Suppose 90*f - 45851 = -14351. Suppose -4*t = -2*j + 316, 4*j + t - 616 = 5*t. Calculate the highest common factor of j and f.
50
Suppose 632*p - 2976 = 626*p. Let f = p + -468. What is the greatest common divisor of 238 and f?
14
Suppose 4*k - 21 = -3*g, 0 = -4*k + g - 1 + 10. Suppose 6*h + 4*a = h + 2066, k*h - 5*a = 1247. Calculate the highest common divisor of 54 and h.
18
Let m(l) = -l**2 - 103*l - 1012. Let g be m(-40). What is the greatest common factor of 16 and g?
4
Let c be (-594)/77*21/(-1). Suppose 11*r + c = 13*r. Let v(m) = 8*m**3 - 2*m**2 - 2. Let q be v(2). Calculate the greatest common divisor of q and r.
27
Let f(y) = -5*y**2 - 14*y + 3. Let o be f(4). Let m be (-3 - 2) + 9 + o. Let j = -37 - m. What is the highest common factor of j and 23?
23
Let i = -552 - -849. Let n = 582 - i. Let q be n/35 - -2 - 1/7. What is the highest common factor of 25 and q?
5
Suppose 217 = -2*l + 3*m + 934, m = 3. Let t be (13 + (-255)/34)/((-1)/(-2)). What is the greatest common divisor of t and l?
11
Let b be 24/(-36) - (-4245)/9. Let r = b - 465. Let i(v) = 7*v**2 + 2*v - 3. Let d be i(-3). Calculate the highest common divisor of r and d.
6
Let j = 38 + -34. Suppose j*q = -4*l - 8, -l - 1 = 3. Let a = 59 - q. What is the greatest common divisor of a and 38?
19
Let n = -336 - -332. Let t = 8 - n. What is the greatest common factor of 64 and t?
4
Let i be (-192)/2*27/(-12). Suppose 21*x - 27*x + i = 0. Calculate the highest common divisor of x and 4.
4
Suppose 961 = -4*k - 5*l + 190, 2*k - 3*l = -391. Let p = k - -262. What is the highest common factor of p and 51?
17
Let y = 5554 - 5330. Calculate the greatest common divisor of 22 and y.
2
Let c be (2 + 2/5)*110*2. Suppose -c = -26*d + 18*d. Calculate the greatest common factor of d and 22.
22
Suppose 5*l + 25 = 2*v + 3*v, -v = 5*l + 19. Suppose o = 2*o - v. Let g be 7 + -1 + -3 - (-5)/o. Calculate the highest common divisor of 48 and g.
8
Let f(h) = 2*h**2 + 3*h - 99. Let y = -408 - -395. Let l be f(y). Calculate the greatest common factor of l and 25.
25
Let x be ((-6)/(-24)*3)/((-1)/(-4)). Let s(b) = b**2 - 7*b + 6. Let p be s(5). Let g be -1*(-2)/p*-12. Calculate the greatest common factor of x and g.
3
Let c be (8/3)/((-2)/6). Let l be 8 + c/(-5 - -3). Let u(p) = -p**3 - p**2. Let m be u(-4). What is the greatest common divisor of l and m?
12
Let s = 59099 + -36513. What is the greatest common divisor of 46 and s?
46
Let v be 2*((-455)/(-10) - (0 + 4)). Suppose -6*q + 167 - v = 0. Calculate the greatest common factor of q and 217.
7
Suppose -327*v + 321*v + 90 = 0. Let h(m) = -m**3 + 4*m**2 + m + 5. Let d be h(4). Calculate the greatest common divisor of v and d.
3
Suppose -y - 3*o = 30 - 174, -3*y + 384 = -3*o. Let g(n) = n**3 + n**2 + 2*n + 12. Let b be g(0). What is the highest common factor of b and y?
12
Suppose -93 = 2*k - 301. Let g = 1528 + -2371. Let q = 851 + g. Calculate the highest common factor of q and k.
8
Let f = 5 - 19. Let p(b) = b**2 + 12*b - 18. Let v be p(f). Suppose 0 = 4*y - 6*y + v. What is the highest common factor of y and 2?
1
Let w(v) = -v**3 + 18*v**2 + 7*v + 356. Let x be w(19). What is the highest common factor of x and 4064?
32
Let n(c) = -c**3 - 5*c**2 - 8*c - 7. Let u be n(-4). Let i(d) = 3*d + 29. Let o be i(u). What is the highest common divisor of o and 7?
7
Let n = -777 + 819. Let u(k) = -81*k - 27. Let r be u(-5). What is the greatest common factor of r and n?
42
Let l(d) = 2*d**2 - 13*d + 24. Let o be l(8). Let x = 663 - 471. What is the greatest common divisor of x and o?
48
Suppose -4*x = -4*f + 32, f + 0 = -x - 2. Suppose 193 + 128 = 4*d - n, 0 = -d + f*n + 83. Calculate the highest common divisor of d and 32.
16
Suppose 2*l - 4*c = 478, c = 5*l + 5*c - 1167. Let g be (-348068)/(-3689) - (-30)/(-85). What is the greatest common factor of l and g?
47
Suppose 10*z - 45 = z. Suppose 3*v + z*f + 75 = 0, -5*v - 109 = f + 2*f. Let y = v - -30. What is the highest common divisor of 25 and y?
5
Let t be (-15)/(-50) - 6111/(-30). Suppose 5*i - 4*b = -2*b + 192, 5*i - t = -b. Calculate the greatest common factor of 10 and i.
10
Suppose 7 + 9 = 8*w. Let o be 104/16 + -6 - (-15)/w. Let d = -3 - -5. Calculate the greatest common divisor of d and o.
2
Let w be (-7)/(56/(-40)) + 1. Suppose 2*c + 1 = 4*h - 21, -5*h + 40 = -5*c. Suppose 0 = h*b - w*b + 102. Calculate the greatest common factor of 17 and b.
17
Suppose -229*g + 19350 = 1488. Calculate the highest common factor of 39 and g.
39
Suppose 0 = d - 1, -4*d - 150 = -2*q + 78. Suppose 5*x + 5 - 15 = 0, -5*n + 2*x + 431 = 0. Calculate the greatest common factor of q and n.
29
Let x(b) = 9*b + 18. Let y be x(14). Suppose 381*w = 378*w + y. Calculate the highest common factor of 96 and w.
48
Let t = 202 + -564. Let u = -232 - t. Suppose -4*v = -6*v + u. What is the highest common divisor of 26 and v?
13
Suppose 0 = 20*f - 41432 + 37292. What is the greatest common factor of f and 437?
23
Suppose 2*v - 4*y + 6 = 0, -3*v + 2*y - 16 = 3*y. Let m(t) = -9*t - 38. Let j be m(v). Suppose j*w + 16 = 8*w. What is the highest common factor of w and 4?
4
Let l be 10/2*(32 + -18). What is the highest common factor of l and 2002?
14
Let t(g) = -18*g - 23. Let z be t(2). Let q be 102/((-2)/(8/6)). Let l = z - q. What is the highest common factor of 99 and l?
9
Suppose 3*m - 18*s = -23*s + 39, -m = 2*s - 14. Let o(v) = 10*v - 76. Let l be o(m). Suppose 3*d - 265 = -97. What is the greatest common divisor of l and d?
4
Let n(o) = 32*o + 184. Let t be (-19)/(-95) - (-1)/(-5). Let y be n(t). Calculate the highest common divisor of 322 and y.
46
Let h(r) = 4*r - 60. Let c be h(8). Let m = 43 + c. Calculate the greatest common factor of 20 and m.
5
Suppose 3*s - 494 = 238. Suppose -2*x + 438 = -s. Suppose -g + 2*w + 33 = 0, 50*g - 5*w - 160 = 45*g. What is the greatest common factor of x and g?
31
Let u be (-6)/9*(-72)/3. Suppose -13*d = -u*d + 15. Suppose 0 = -4*j - d*y + 51, 2*j + 4*y - 8 - 10 = 0. Calculate the greatest common factor of 19 and j.
19
Suppose 18969 - 1624 = 107*o - 2450. What is the greatest common factor of 888 and o?
37
Let n be (1 - 164/(-2)) + -1. Let v = 262 - 237. Suppose -v*r + 30*r - 615 = 0. Calculate the greatest common factor of r and n.
41
Let o = 251 + -474. Let u = o + 301. Calculate the highest common divisor of 195 and u.
39
Suppose -2*r + 10 = -14. Let v(n) = 8*n**3 - 2*n**2 + 7*n - 4. Let g be v(4). Suppose g = 3*a + 108. What is the greatest common factor of a and r?
12
Let w(l) = l**3 - 10*l**2 + 20*l + 17. Let k be w(28). Calculate the highest common factor of 37 and k.
37
Suppose 11*u + 237177 = 84*u. Calculate the greatest common divisor of u and 36.
9
Let w be -4*((-2)/(-4) + -1). Suppose d - 5*m - 40 = 0, 4*m = w*d - 44 - 24. Let u = 50 - 30. What is the highest common divisor of u and d?
10
Let o be ((-14)/(-8))/(-8*(-11)/352). Suppose 1886 = o*m - 158. Calculate the highest common divisor of m and 73.
73
Let o be (-15 + -3438 + 15)/((-3)/6). Calculate the greatest common factor of 72 and o.
36
Suppose 0 = 48*m - 64*m. Suppose -3*a + 2*y + 90 = m, -4*a + 2*y + 11 = -109. Calculate the greatest common factor of 170 and a.
10
Suppose 4*a - 11 + 47 = 3*j, -2*j - 5*a + 47 = 0. Suppose -j*r + 322 = 7*r. Calculate the greatest common factor of 21 and r.
7
Let h be ((-1420)/25)/(4/(-130)). What is the